{"id":13828,"date":"2019-03-14T15:50:56","date_gmt":"2019-03-14T14:50:56","guid":{"rendered":"https:\/\/www.intranet.bruaylabuissiere.fr\/?page_id=13828"},"modified":"2020-08-19T11:13:09","modified_gmt":"2020-08-19T09:13:09","slug":"salles-municipales","status":"publish","type":"page","link":"https:\/\/locations.bruaylabuissiere.fr\/","title":{"rendered":"Salles municipales"},"content":{"rendered":"<div class=\"members-access-error\">D\u00e9sol\u00e9, vous n&#039;\u00eates pas autoris\u00e9 \u00e0 voir ce contenu.<\/div>\n","protected":false},"excerpt":{"rendered":"<div class=\"members-access-error\">D\u00e9sol\u00e9, vous n&#039;\u00eates pas autoris\u00e9 \u00e0 voir ce contenu.<\/div>\n","protected":false},"author":24,"featured_media":0,"parent":0,"menu_order":0,"comment_status":"closed","ping_status":"closed","template":"","meta":{"footnotes":""},"_links":{"self":[{"href":"https:\/\/locations.bruaylabuissiere.fr\/index.php\/wp-json\/wp\/v2\/pages\/13828"}],"collection":[{"href":"https:\/\/locations.bruaylabuissiere.fr\/index.php\/wp-json\/wp\/v2\/pages"}],"about":[{"href":"https:\/\/locations.bruaylabuissiere.fr\/index.php\/wp-json\/wp\/v2\/types\/page"}],"author":[{"embeddable":true,"href":"https:\/\/locations.bruaylabuissiere.fr\/index.php\/wp-json\/wp\/v2\/users\/24"}],"replies":[{"embeddable":true,"href":"https:\/\/locations.bruaylabuissiere.fr\/index.php\/wp-json\/wp\/v2\/comments?post=13828"}],"version-history":[{"count":3,"href":"https:\/\/locations.bruaylabuissiere.fr\/index.php\/wp-json\/wp\/v2\/pages\/13828\/revisions"}],"predecessor-version":[{"id":14224,"href":"https:\/\/locations.bruaylabuissiere.fr\/index.php\/wp-json\/wp\/v2\/pages\/13828\/revisions\/14224"}],"wp:attachment":[{"href":"https:\/\/locations.bruaylabuissiere.fr\/index.php\/wp-json\/wp\/v2\/media?parent=13828"}],"curies":[{"name":"wp","href":"https:\/\/api.w.org\/{rel}","templated":true}]}}